 be (-3 - (6 + -5)) + 1*903. What is the greatest common factor of p and 31?
31
Let t(c) = -62*c. Let g(u) = -187*u + 1. Let f(m) = -4*g(m) + 11*t(m). Let j be f(4). What is the greatest common divisor of 104 and j?
52
Let w(k) = k**2 - 8*k + 2. Let i be (8/3)/((-1)/(-3)). Let p be w(i). Suppose p*v - 4*y = 6, v - 1 = 3*y + 1. What is the greatest common factor of v and 25?
5
Let z(u) = -3*u**3 - 2*u**2 - 2*u + 1. Let f be z(-2). Let o(k) = 1 + f*k**2 - 11*k + 12*k + k**2. Let i be o(-1). What is the highest common factor of 2 and i?
2
Suppose 2*m = -4*h + 510, 3*h - 9*m + 12*m = 378. Calculate the greatest common divisor of 688 and h.
43
Suppose a - 43 = -61. Let n be 2 + (-6)/a + 38/3. What is the highest common factor of 6 and n?
3
Let v be 8/(7/((-14)/(-4))). Suppose d - 2 = -k, -d + v*k + 8 = 3*k. Suppose 0*f = -2*f + 20. Calculate the highest common factor of f and d.
5
Let h = -218 - -470. Calculate the greatest common divisor of 36 and h.
36
Let s be (-2072)/(-84)*24/2. What is the greatest common divisor of 74 and s?
74
Let t = 2720 - 366. Calculate the greatest common divisor of t and 22.
22
Let h be (4 - 3)*(-4 + 3). Let m be ((-1)/(h/35))/1. Suppose -63 = -3*r - 21. What is the greatest common divisor of r and m?
7
Let g(t) = -18*t + 114. Let a be g(6). Calculate the highest common factor of 6 and a.
6
Let d be (2/6*-1)/((-22)/1122). Calculate the greatest common divisor of 34 and d.
17
Let m be 2 - (3*-2)/(-3). Suppose m = -4*l - l + 20. Suppose -2*z + 16 = -l*w, -17 = -z - 5*w + 5. Calculate the highest common factor of z and 12.
12
Let l = -107 + 110. Let o be (-8 + (l - 1))/(-2). Calculate the highest common factor of o and 2.
1
Let v = 872 + -593. What is the greatest common factor of v and 9?
9
Suppose -3*v + 70 = r, -2*v + 7*r = 2*r - 75. Calculate the greatest common factor of v and 35.
5
Let w be -37 + 31 - (0/(-1) + -35). Calculate the highest common divisor of 319 and w.
29
Let y(u) = -u**3 + 17*u**2 - u + 16. Let i be y(17). Let s be i*(-4 - 1)*(-1008)/(-45). Calculate the greatest common factor of s and 168.
56
Suppose 2*t + 9 = -2*h - 51, -5*t + h - 162 = 0. Let x = 136 - t. What is the greatest common divisor of x and 21?
21
Let l(w) = -w**3 - 4*w**2 - 2*w - 3. Suppose 0 = d - 3*d. Suppose d = -4*i - 16. Let s be l(i). What is the greatest common divisor of 40 and s?
5
Let z(x) = -7 - 8*x**3 - 3 + 9*x**3 - x + 7*x**2. Let h be z(-5). Calculate the greatest common factor of 9 and h.
9
Let g(s) = 35*s + 120. Let h be g(3). Calculate the highest common factor of 100 and h.
25
Suppose 6*t - t + 3*s - 2202 = 0, 4*t + 3*s = 1764. Suppose 222 = 2*z + v, -4*z - v = -2*v - t. Let l = 4 + 18. Calculate the highest common divisor of z and l.
22
Let p = 39 - 38. What is the highest common divisor of 17 and p?
1
Let i(r) be the third derivative of 17*r**4/12 - r**3/3 + 12*r**2. Let c be i(5). What is the highest common divisor of c and 24?
24
Suppose 818 = -2*p - m, p + 4*p - 4*m + 2032 = 0. Let j be p/((-8)/2) - 3. Calculate the highest common factor of j and 9.
9
Let p(y) = 38*y**2 + 37*y - 37. Let b be p(1). Calculate the greatest common factor of 874 and b.
38
Let x(r) = 7*r**3 - 3*r**2 + 2*r - 1. Let d(n) = n**3 + n**2 + n. Let p(m) = 6*d(m) - x(m). Let b be p(9). What is the highest common divisor of b and 185?
37
Let r be 2/(-12) + (-597)/(-18). Suppose r = 4*p - 3. What is the highest common factor of p and 9?
9
Suppose 5*b - 2*b = 5*t + 75, 0 = 4*b + t - 123. What is the highest common divisor of 160 and b?
10
Let i(b) = 3*b**2 - 6*b + 3. Let m = -8 + 3. Let h be i(m). Suppose 266 = 21*k + 14. What is the highest common divisor of h and k?
12
Let b = 58 - 55. Suppose 4*v - 3*o - 29 = 0, b*v + v - 34 = 2*o. What is the greatest common divisor of v and 55?
11
Let p be (507/(-9))/(3/(-9)). Calculate the highest common factor of 26 and p.
13
Let y(a) = -a**3 - 10*a**2 + 12*a + 18. Let p be (72/(-32) - -5)/((-1)/4). Let d be y(p). What is the highest common divisor of 77 and d?
7
Suppose 2*c + 3*c - 10 = 0. Suppose -c*t = 4*k - 56, 4 = 4*t + 2*k - 114. What is the greatest common factor of 12 and t?
6
Let k(d) = 3*d**2 - 2*d - 57. Let o be k(9). What is the greatest common factor of 112 and o?
56
Let a be ((-2)/(-6))/((-3)/(-117)). Let w(f) = f**3 - 3*f**2 + 4. Let c be w(3). Suppose 0 = c*s - 331 - 33. What is the greatest common factor of a and s?
13
Let o(v) = v**2 + 30*v - 57. Let r be o(-33). Let n be (-1)/(-2*1/12). What is the highest common factor of r and n?
6
Let h = -6950 - -6961. Let b(f) = 17*f + 4. Let r be b(3). Calculate the greatest common divisor of r and h.
11
Let r(q) = 5*q + 44. Let g be r(-10). Let m be (-74)/g + (-9)/27. Calculate the highest common factor of m and 6.
6
Suppose -4*q + 17 = 57. Let r = 4 + q. Let g = r + 26. Calculate the highest common divisor of 60 and g.
20
Let o(l) = -94*l + 4. Let p be o(-2). Suppose -p = -3*x - 3. Let r be (13 - 2) + (-2 - 0). What is the greatest common factor of x and r?
9
Suppose -280 = -5*h - 4*t, -4*t + 0*t = 2*h - 100. Suppose a - 3*m - 13 - 22 = 0, 3*a - 5*m = 85. Calculate the greatest common factor of h and a.
20
Suppose 0 = -2*k + 6*k, -t = -3*k - 12. Suppose a - t = -3*a. Suppose 7*m - a*m = -d + 73, 56 = 3*m + 2*d. Calculate the highest common divisor of m and 18.
18
Let u(o) = -o**3 + 10*o**2 - 4*o - 1. Let m be u(9). What is the highest common factor of m and 110?
22
Let m(g) = 16*g**3 + 2*g**2 - 2*g - 3. Let y be m(-2). Let u be (7 - y)*6/7. What is the greatest common factor of 12 and u?
12
Let r = 105 + 135. Calculate the highest common factor of 15 and r.
15
Let z be ((-28)/16)/((2/(-8))/1). Suppose z*m = -3*m + 580. What is the greatest common factor of m and 29?
29
Suppose -42*b = 18*b - 15120. What is the highest common factor of b and 420?
84
Let k(a) = -41*a - 178. Let t be k(-5). What is the highest common divisor of 12 and t?
3
Suppose -5*y + 32 = -68. Suppose 0 = 2*t - 4*p + 714, -3*p - 323 - 44 = t. Let o = -141 - t. Calculate the greatest common divisor of o and y.
20
Let o be 536/134 + (1 - 3)*-53. What is the greatest common divisor of o and 10?
10
Suppose -996 = -2*o + 58. Let l be o/15 + ((-20)/75)/2. Suppose -2*y + 10 = -3*n - 3, -3*y + 27 = -3*n. Calculate the greatest common factor of l and y.
7
Let a = 9 - -25. Let g be 18 + 34 - 5*6/30. Calculate the highest common divisor of g and a.
17
Suppose 0 = -4*k + w + 333, 2*k = -3*k - w + 423. Let p = 29 - 17. Calculate the highest common divisor of k and p.
12
Let x(c) = c**2 - 3*c - 4. Let b be x(5). Suppose -b*r + 2*r = 0. Suppose r*n = -2*n + 36. What is the greatest common divisor of n and 12?
6
Suppose 0 = 2*w - 5*w. Let g be 2 - (-10 + w - 0). Let c be (-163)/(-3) + g/18. Calculate the highest common factor of 22 and c.
11
Let f = 24 + -22. Let n(c) = -2*c. Let t be n(1). Let u be 2 - (16/(-1) - t). Calculate the highest common divisor of u and f.
2
Let t be (9/2)/(((-3)/(-18))/(-1)). Let m = t - -95. Calculate the highest common divisor of m and 17.
17
Let k(v) = v**3 - 10*v**2 + 11*v - 18. Let i be k(9). Suppose 4*p - 3*x - 492 = i, -2*x = 2*p - 166 - 66. Calculate the greatest common divisor of 48 and p.
24
Let b be (-1 - -2)/(13 + -12). Suppose 3*u = -3, -l + 5*u = 3*l - 13. Suppose 2*p - 61 = -l*j - p, p = -b. What is the highest common factor of j and 16?
16
Let r = 2 + 6. Suppose -2*v - 2 = -3*f - 6*v, 28 = 4*f - v. Let s be (f/4)/(3/r). What is the greatest common divisor of 8 and s?
4
Suppose -3*d = -2*z - 352, d - 131 = z - 15. Calculate the highest common divisor of 40 and d.
40
Let r = -17 + 20. Suppose -6*u = -r*v - 2*u + 20, 0 = 3*v + u - 40. Calculate the greatest common factor of v and 18.
6
Suppose -5*m = 4*s - 272, 2*s + 4*m - 126 = -m. Let t = s + -29. Suppose 0 = -3*a - 4*r + 25, 4*a + 5*r - 12 = 22. What is the highest common factor of t and a?
11
Suppose 0 = -29*t + 82 + 92. What is the highest common factor of t and 21?
3
Let p be -1 - (2 - 1) - -5. Suppose 5*v = -17 - 8, p*x + 2*v = -55. Let l = x - -26. What is the highest common divisor of 33 and l?
11
Suppose 2*f = -x + 50 - 12, 69 = 2*x - 3*f. Calculate the greatest common factor of 300 and x.
12
Suppose 6*w + 0*w = 192. Suppose 0 = -5*s - 4*r - 1 - 1, 0 = 3*r + 9. Suppose -s = -i + 2. Calculate 